
False
Let z(n) = -94*n**3 - 2*n - 1. Let j(b) = b - 5. Let r be 84/22 - 2/(-11). Let o be j(r). Is z(o) prime?
False
Suppose -3*g + 4956 = 3*c, -2*g + 4*g = -5*c + 8257. Is c prime?
False
Let t be (3/(-1))/(-6) + (-21)/(-14). Suppose 3*b + 8*l = 3*l + 869, t*l = 4*b - 1176. Is b composite?
False
Suppose -3*k - 4*a + 4400 = -9*a, 3*a + 1468 = k. Is k prime?
False
Let h = -57 + 62. Let s(r) = 68*r - 21. Is s(h) a prime number?
False
Let w(v) = -7354*v + 15. Is w(-1) composite?
False
Suppose 3*q + 3*j = 4860, 0*q + 2*q + j = 3241. Is q prime?
True
Suppose -4*i - 2*y - 5684 = 2*y, 5*i = -2*y - 7120. Is (-3)/(2 + i/710) prime?
False
Let s = -18 + 21. Let c(n) = 108*n**2 - 6*n + 2. Let p be c(s). Suppose -5*z + 1195 = 3*w, -2*z - p = -6*z - w. Is z a composite number?
False
Let q = 21 - 22. Let o(d) = -210*d**3 + 2*d**2 - 1. Is o(q) prime?
True
Let u be ((-60)/25)/(2/(-15)). Let l be 965/9 - 4/u. Suppose 0 = d - l + 20. Is d composite?
True
Let g(w) = w**3 + 15*w**2 - 8*w - 7. Let j be 32/(-40) + 28/10. Suppose 2*x = 2*y - 0*x + 26, j*x = -2*y - 22. Is g(y) a composite number?
False
Let n(m) be the third derivative of 11*m**6/120 + m**5/12 - m**3/6 + 11*m**2. Is n(3) prime?
False
Suppose 0*d - 11*d = -1133. Is d prime?
True
Let h = 2039 + -3897. Let k = -435 - h. Is k a prime number?
True
Let a = 32 + -30. Suppose -955 + 3297 = a*m. Is m a prime number?
True
Suppose 3*p + 5*q - 315895 = -2*p, -10 = -5*q. Is p composite?
True
Suppose -90860 = -9*q - 16547. Is q a composite number?
True
Let z(m) = m**3 + 13*m**2 + 12*m - 4. Let v be z(-12). Is v - -2*(0 - -39) a prime number?
False
Let o(n) = n**3 + 11*n**2 - n + 6. Suppose -16*u + 13*u + 9 = 0. Suppose -u*k + 8*k = -45. Is o(k) a composite number?
True
Let b(a) = -2*a**3 - 26*a**2 + 11*a - 156. Is b(-25) prime?
False
Suppose 0 = b - 1, b - 179 = -f + 173. Suppose 420 + f = u. Is u composite?
True
Let d = -2528 - -4279. Let u = -528 + d. Is u a prime number?
True
Suppose 41 = -2*b + 51. Is 643/b + (-22)/(-55) a composite number?
True
Let j be 2*-1 + 0 + 12 + -4. Let z be (-24)/(-15) + 2/5. Is 26*3/j*z a prime number?
False
Let t(z) = 10*z**2 - 13*z - 52. Let b be t(-16). Suppose 2*i + b = 2*v - i, -3*v + 2*i + 4079 = 0. Is v prime?
True
Let q = 708 - 1217. Let r = q - -891. Is r a prime number?
False
Suppose -6*p + 2503 = -7763. Is p a composite number?
True
Let f(v) = 165*v**3 - v**2 - 24*v + 81. Is f(4) a prime number?
True
Let z(s) = 6*s**2 - 3 + s**3 + s + 3 + s**3 + 2. Let t be z(-5). Let v = 340 + t. Is v composite?
True
Let s be ((-17)/(-2))/((-3)/(-144)). Let u = 965 - s. Is u composite?
False
Suppose g + 4*o - 93 = 0, 0*g + 477 = 4*g - 5*o. Suppose 3*w = -5*x + g + 1431, 2*x - 620 = -2*w. Is x a composite number?
False
Suppose -480 = -z - z. Suppose -2 = x, z + 68 = 5*m - 4*x. Suppose 2*i + m - 298 = 0. Is i composite?
True
Let a = 2042 + 21227. Is a composite?
False
Let b = 59 + -41. Is 6/(-27) - (-256)/b a composite number?
True
Suppose -23 - 25 = -3*q. Suppose -q = 4*i, 2*w - 2*i = -0*w + 262. Is w a prime number?
True
Suppose 14*m = -m + 42195. Is m a prime number?
False
Let i = -4707 - -20104. Is i a composite number?
True
Suppose 2930 = 28*g - 23*g. Let q(p) = p**2 - 3*p - 7. Let f be q(5). Suppose -w + f*w - g = 0. Is w a composite number?
False
Let r(w) = 6*w**2 - 4*w + 3. Suppose 3*k = 2 + 16. Suppose 0 = 3*y - 6, -2*y + 14 = -4*s - k. Is r(s) composite?
True
Suppose 11*t = 8*t + 6. Suppose -5*d = k - 69, -69 = -k + 5*d - t*d. Is k composite?
True
Let p be ((1 - -3) + 0)*(-3)/2. Is 9/p*1366/(-3) prime?
True
Let p be (6/(-9))/((-2)/6). Suppose 3*n - n - 14 = -2*r, -p*r - 4*n = -24. Suppose -r*s = -37 + 7. Is s a prime number?
False
Suppose 1005 - 313 = 2*v. Let w = 611 - v. Suppose 53 = -4*r + w. Is r composite?
False
Let j be 1 - (131 + -1 + -2). Let t be -2 + (-8)/(-3) + 3710/15. Let c = t + j. Is c prime?
False
Suppose -3*a + 792 = 4*o, 4*a + 386 = 2*o + 3*a. Suppose -8*g + 2853 = -o. Is g a composite number?
True
Suppose 0 = z + o - 18285 + 4142, -2*z + o = -28286. Is z prime?
True
Suppose 2*v = -3*v + 335. Let j = 138 + v. Is j prime?
False
Let y = -12155 + 19944. Is y a composite number?
False
Suppose 2*h - a = -2*a + 3, 2*h - 2*a - 6 = 0. Suppose 3*b + i - 1066 = h*i, b = i + 356. Is b a composite number?
True
Suppose -5*y + 7627 + 151953 = -5*b, b = 3. Is y composite?
True
Let p(z) = z**3 - 11*z**2 + 9*z + 10. Let j be p(10). Is j + 59/3 + 8/(-12) a composite number?
False
Let j(r) be the first derivative of r**3/3 + 379*r + 11. Is j(0) composite?
False
Let h = 5655 + -3861. Let y = h + -283. Is y prime?
True
Let p(j) = j**3 + 8*j**2 - 2*j - 2. Let o(k) = -6*k**2 + 1. Let z be o(1). Let u = -1 + z. Is p(u) composite?
True
Let z be ((-10)/15)/(3/18). Let l be 710/4*z/(-5). Suppose 324 = 4*p - 4*o, -109 = -3*p - o + l. Is p a prime number?
True
Let w be (-9)/(-1 - 0)*52/156. Let j be (-1)/((-1)/(-6)*2). Is (214/j)/(w/(-9)) prime?
False
Suppose 6*v + 2*v - 130408 = 0. Is v prime?
True
Suppose -11*z - 625 = -15409. Let j = z - 617. Is j a composite number?
False
Suppose 212*f = 237*f - 1115725. Is f prime?
False
Suppose 4*l + 4*q - 55084 = -0*l, -27542 = -2*l + 2*q. Is l composite?
True
Suppose h = -2*q + 7*q + 10665, h + q - 10641 = 0. Is h a prime number?
False
Suppose 20 = 4*g, -2*x + 0*g + 128522 = -4*g. Is x a composite number?
False
Let g = -44 + 28. Let x be 3*4/g*-4. Suppose -5*v = -x*b + 2247, v + 737 = 4*b - 2259. Is b a prime number?
False
Let b be 3/9 + (-160)/30. Let r = 6 - 5. Is r/b - (-1908)/15 prime?
True
Suppose 0 = 4*s - 0*s - 20. Suppose 110 = s*o - 0*o. Suppose 2*t = -4*c + o, t - c = 4*t - 53. Is t composite?
False
Suppose 3*y = -3*f + 5202, 0 - 3 = -y. Suppose -5*b + f = -4*v, -2*b + 698 = v + 3*v. Is b composite?
False
Suppose 6*i - 27 - 3 = 0. Suppose 2*s = -2*s + 8, 4*p - 3202 = i*s. Is p prime?
False
Suppose 2*f + 3169 = h, -3*h + 4*f + 3562 = -5939. Is h a composite number?
False
Suppose -z - 4*g = -6, 2*z - 11 = 2*g + 1. Suppose 2310 = 2*o + 4*j, 0 = z*o - 3*o - 3*j - 3447. Is o a prime number?
True
Is (-26309)/((-7 + 3 + 5)*-1) a composite number?
False
Suppose 6*l = g + 4*l - 2103, 2*l = -8. Is g prime?
False
Suppose -3729 = 3*z - 14*z. Is z prime?
False
Let j(n) = n**3 - 5*n**2 - 6*n + 4. Let t be j(6). Suppose 0*a + 24 = t*a. Is 2/a - (-1410)/9 prime?
True
Let f(x) = -x**2 + 7*x + 8. Let n be f(8). Suppose n = 2*c - 2, -3*z + 3*c + 305 = z. Is z a prime number?
False
Let l(h) = h**3 - 8*h**2 + 5*h + 8. Let j be l(7). Let i be ((-50)/(-30))/((-2)/j). Suppose -i*w = -984 - 131. Is w a prime number?
True
Suppose 12*i + 0*i + 216 = 0. Is (-12954)/(-9) + (60/i - -3) composite?
False
Let u be -3 + -100 + 1 - 1. Let o = u + 200. Is o a composite number?
False
Suppose -365 = -3*d + 553. Let r = 643 - d. Is r composite?
False
Suppose -2*b + 36969 = s - 3*b, -4*b = -16. Is s a prime number?
True
Let y = 75296 + -52375. Is y a composite number?
False
Let f(l) be the first derivative of -233*l**2 + l + 11. Is f(-3) a prime number?
True
Let d(m) = 93*m**2 + 15*m + 31. Is d(-4) a composite number?
False
Suppose -12 = -3*g, -2*g - 765 = -s - 96. Is s prime?
True
Suppose 70001 = 7*o - 53682. Is o a composite number?
False
Suppose 5*j - 265 = 5*x, -3*x + 0*x = -j + 169. Let n(l) = 13*l - 14. Let y be n(13). Let p = y + x. Is p prime?
True
Suppose 36 - 141 = z. Suppose 0 = 4*r - 0*r - 208. Let k = r - z. Is k prime?
True
Suppose 2*t = 3*d + 5, -7 = -3*t - 4*d + 9. Let m = -1267 - -2192. Suppose -9*s + m = -t*s. Is s a prime number?
False
Suppose 2*g + 5*g - 280 = 0. Suppose 0 = g*a - 35*a - 595. Is a a composite number?
True
Let m(d) = -4 + 0 - 7 - 8*d**2 - d + 2*d**3. Is m(8) composite?
True
Suppose 5*l - 3*t = 8*l - 107559, 0 = -4*t + 16. Is l prime?
False
Let b be ((-26)/(-3))/((-16)/1128). Let i = b + 1164. Is i composite?
True
Suppose y + 0*m - 13 = -2*m, -2*y + 5*m = -35. Let h = -10 + y. Suppose 5*f = -o - 129 + 316, 175 = 5*f - h*o. Is f a composite number?
False
Suppose -5*j - 10 = 0, 3*j = -4*f + 4*j + 2614. Is f a prime number?
True
Let q = 14510 - 5923. Is q a prime number?
False
Suppose 5*s = h + 6*s - 9, 2*s + 2 = 3*h. Suppose -h*z + 0*z = 212. Let i = z - -288. Is i composite?
True
Is (-119964)/(-390) - (-6)/(-10) a composite number?
False
Suppo